nits digit of 13000776?
6
What is the ten thousands digit of 23296446?
9
What is the millions digit of 2451357?
2
What is the hundreds digit of 17887872?
8
What is the units digit of 5054614?
4
What is the hundreds digit of 2036779?
7
What is the hundreds digit of 4649845?
8
What is the tens digit of 837291?
9
What is the hundred thousands digit of 12544249?
5
What is the thousands digit of 73365?
3
What is the tens digit of 864615?
1
What is the tens digit of 193207?
0
What is the thousands digit of 226279?
6
What is the millions digit of 1242398?
1
What is the hundred thousands digit of 15781055?
7
What is the units digit of 398061?
1
What is the thousands digit of 47538?
7
What is the hundred thousands digit of 2050275?
0
What is the units digit of 164262?
2
What is the thousands digit of 2683363?
3
What is the hundred thousands digit of 319564?
3
What is the hundreds digit of 374658?
6
What is the hundreds digit of 14089465?
4
What is the ten thousands digit of 976386?
7
What is the ten millions digit of 11469926?
1
What is the millions digit of 3683245?
3
What is the thousands digit of 205374?
5
What is the tens digit of 11204461?
6
What is the thousands digit of 2003589?
3
What is the hundred thousands digit of 619932?
6
What is the hundred thousands digit of 1651917?
6
What is the thousands digit of 329787?
9
What is the hundreds digit of 4018360?
3
What is the hundreds digit of 7614061?
0
What is the hundred thousands digit of 245039?
2
What is the tens digit of 324509?
0
What is the ten thousands digit of 1397924?
9
What is the tens digit of 19680227?
2
What is the millions digit of 1437216?
1
What is the thousands digit of 7310?
7
What is the ten millions digit of 14526182?
1
What is the thousands digit of 2342795?
2
What is the hundred thousands digit of 179971?
1
What is the hundreds digit of 6358720?
7
What is the millions digit of 1505735?
1
What is the tens digit of 1124589?
8
What is the hundred thousands digit of 256275?
2
What is the thousands digit of 587871?
7
What is the thousands digit of 811079?
1
What is the hundreds digit of 885161?
1
What is the tens digit of 1544204?
0
What is the hundred thousands digit of 228595?
2
What is the hundreds digit of 55395?
3
What is the ten thousands digit of 17962282?
6
What is the units digit of 33758223?
3
What is the tens digit of 147635?
3
What is the thousands digit of 665261?
5
What is the thousands digit of 36927306?
7
What is the ten thousands digit of 217573?
1
What is the millions digit of 7610734?
7
What is the tens digit of 28358940?
4
What is the ten millions digit of 25886464?
2
What is the hundreds digit of 678077?
0
What is the millions digit of 16076996?
6
What is the tens digit of 565972?
7
What is the units digit of 6947090?
0
What is the tens digit of 89494?
9
What is the ten thousands digit of 4786875?
8
What is the hundred thousands digit of 12519761?
5
What is the tens digit of 3979416?
1
What is the millions digit of 9733718?
9
What is the millions digit of 3678100?
3
What is the units digit of 6190555?
5
What is the millions digit of 2694922?
2
What is the hundreds digit of 3948823?
8
What is the units digit of 248072?
2
What is the ten thousands digit of 2868885?
6
What is the thousands digit of 629107?
9
What is the units digit of 107889?
9
What is the millions digit of 1824504?
1
What is the thousands digit of 17938248?
8
What is the units digit of 956685?
5
What is the hundreds digit of 992480?
4
What is the hundred thousands digit of 3774280?
7
What is the thousands digit of 181948?
1
What is the ten thousands digit of 450705?
5
What is the hundred thousands digit of 17429250?
4
What is the hundreds digit of 545182?
1
What is the ten thousands digit of 588788?
8
What is the hundreds digit of 1160446?
4
What is the ten thousands digit of 1077051?
7
What is the hundreds digit of 7159885?
8
What is the millions digit of 13349430?
3
What is the hundreds digit of 60588?
5
What is the hundred thousands digit of 209059?
2
What is the units digit of 19881711?
1
What is the hundreds digit of 5622?
6
What is the tens digit of 4484176?
7
What is the millions digit of 4017052?
4
What is the tens digit of 1304317?
1
What is the hundreds digit of 1356987?
9
What is the tens digit of 93211?
1
What is the hundreds digit of 4133979?
9
What is the thousands digit of 34691912?
1
What is the thousands digit of 866703?
6
What is the units digit of 1194921?
1
What is the units digit of 534123?
3
What is the thousands digit of 250605?
0
What is the millions digit of 2451402?
2
What is the hundreds digit of 1864899?
8
What is the thousands digit of 1901606?
1
What is the millions digit of 3075535?
3
What is the ten thousands digit of 94107?
9
What is the units digit of 3300663?
3
What is the units digit of 252912?
2
What is the units digit of 248104?
4
What is the hundred thousands digit of 5701886?
7
What is the hundreds digit of 284429?
4
What is the units digit of 8090578?
8
What is the tens digit of 7324912?
1
What is the tens digit of 14158212?
1
What is the tens digit of 8134299?
9
What is the hundred thousands digit of 810825?
8
What is the ten thousands digit of 7669024?
6
What is the hundreds digit of 1373355?
3
What is the hundreds digit of 704049?
0
What is the hundred thousands digit of 4637070?
6
What is the millions digit of 3480531?
3
What is the thousands digit of 871180?
1
What is the units digit of 3697761?
1
What is the millions digit of 5501490?
5
What is the hundreds digit of 1107320?
3
What is the millions digit of 12385550?
2
What is the ten thousands digit of 123181?
2
What is the thousands digit of 963505?
3
What is the thousands digit of 2650622?
0
What is the millions digit of 4901131?
4
What is the hundred thousands digit of 205970?
2
What is the hundreds digit of 26726467?
4
What is the hundred thousands digit of 246271?
2
What is the ten thousands digit of 42884?
4
What is the thousands digit of 3791216?
1
What is the millions digit of 2058713?
2
What is the hundred thousands digit of 206249?
2
What is the hundred thousands digit of 5811422?
8
What is the units digit of 3629708?
8
What is the hundred thousands digit of 503253?
5
What is the thousands digit of 6325375?
5
What is the thousands digit of 20333917?
3
What is the units digit of 2731882?
2
What is the ten thousands digit of 822205?
2
What is the hundreds digit of 2359648?
6
What is the hundred thousands digit of 217668?
2
What is the ten thousands digit of 1503226?
0
What is the hundreds digit of 430488?
4
What is the hundreds digit of 524419?
4
What is the thousands digit of 5910892?
0
What is the hundred thousands digit of 5418218?
4
What is the hundred thousands digit of 114015?
1
What is the thousands digit of 179110?
9
What is the units digit of 117432?
2
What is the units digit of 6167189?
9
What is the millions digit of 5060799?
5
What is the tens digit of 933183?
8
What is the ten thousands digit of 583748?
8
What is the tens digit of 510964?
6
What is the tens digit of 93506?
0
What is the millions digit of 16890690?
6
What is the hundred thousands digit of 237561?
2
What is the millions digit of 28064104?
8
What is the millions digit of 3415307?
3
What is the hundreds digit of 203106?
1
What is the tens digit of 187160?
6
What is the thousands digit of 6028436?
8
What is the hundreds digit of 483322?
3
What is the ten thousands digit of 20829856?
2
What is the ten millions digit of 13880989?
1
What is the units digit of 1735601?
1
What is the tens digit of 382360?
6
What is the hundreds digit of 708975?
9
What is the units digit of 14152335?
5
What is the units digit of 11019598?
8
What is the hundred thousands digit of 3044091?
0
What is the hundred thousands digit of 424235?
4
What is the hundred thousands digit of 310587?
3
What is the units digit of 2625544?
4
What is the hundreds digit of 3552164?
1
What is the tens digit of 5453459?
5
What is the tens digit of 373777?
7
What is the ten thousands digit of 172345?
7
What is the ten thousands digit of 29928?
2
What is the hundreds digit of 7924555?
5
What is the hundreds digit of 291200?
2
What is the ten thousands digit of 17262331?
6
What is the hundred thousands digit of 1534808?
5
What is the hundreds digit of 23829?
8